remainder when o is divided by k?
11
Suppose -33 = -0*l + l. Let j = l + 51. Calculate the remainder when j is divided by 10.
8
Let a = -22 - -29. What is the remainder when a is divided by 6?
1
Let x(a) = 13*a - 1. Calculate the remainder when x(3) is divided by 13.
12
Let n = -14 + 23. Let p = -7 - -11. Calculate the remainder when n is divided by p.
1
Let j = 0 + 5. Suppose 0 = j*m - 466 + 116. What is the remainder when m is divided by 24?
22
Suppose 3*o - 6 = 3*u, 5*u + 0*u - 6 = o. Calculate the remainder when 17 is divided by o.
1
Calculate the remainder when (265/15*-3)/(-1) is divided by 7.
4
Let i = 73 + -18. What is the remainder when i is divided by 12?
7
Let p = 3 + -1. Let i(m) = m**3 - 2. What is the remainder when i(2) is divided by p?
0
What is the remainder when 6/(-4)*(-82)/3 is divided by (4/(-10))/((-2)/70)?
13
Suppose 4*y + 2590 = 18*y. Calculate the remainder when y is divided by 31.
30
Suppose -2*x - 7*x = -99. Calculate the remainder when 109 is divided by x.
10
Suppose 3*f + 25 = 4*t, -4*t + t = -4*f - 17. Suppose 5*i - d = 124, 0*d + 120 = 5*i - 5*d. What is the remainder when i is divided by t?
4
Let s = -3 + 3. Suppose -5*f = 4*v - 25, s*f = -3*v + 3*f + 12. Suppose 5*m - 2*w - 31 = 0, -m + 0*m + v*w = -20. What is the remainder when 8 is divided by m?
3
Let k = 7 - 2. Suppose -4*x - 2*q + 10 = -40, 3*x - 18 = k*q. What is the remainder when x is divided by (4 - -1) + 0 + 1?
5
Suppose -5*m + 3*m + 122 = -2*r, 0 = 2*m - 5*r - 125. Let p = -12 + m. What is the remainder when p is divided by 25?
23
Suppose 0 = -s + 4*s. Let i = 6 + s. What is the remainder when 11 is divided by i?
5
Let x(h) = 13*h - 3. Calculate the remainder when x(1) is divided by 5.
0
Suppose 2*c + 9 = 23. Let w(k) = -k**2 + 4*k - 4. Let r be w(3). Calculate the remainder when (r + 20)*(5 + -4) is divided by c.
5
Let w(u) = 2*u + 1. Let v be ((-4)/6)/((-2)/3). Let c be w(v). Suppose c*b + b = 120. Calculate the remainder when b is divided by 16.
14
Let u(h) = -h + 9 - 3*h + 8*h**2 + h**3 + 3*h. Let q = -12 - -4. What is the remainder when 49 is divided by u(q)?
15
Let l = 46 - 42. What is the remainder when 25 is divided by l?
1
Let k(s) = -6*s - 17. What is the remainder when 24 is divided by k(-5)?
11
Let k = 9 + 17. Suppose -o - o = -k. Calculate the remainder when o is divided by (5/2)/(-1)*-2.
3
What is the remainder when 26/4 + 2/4 is divided by 3?
1
What is the remainder when 357 is divided by (12/(-10))/(2 - 427/210)?
33
Let t(f) = f + 8. Let k = 2 + -8. Let a = 56 - 51. What is the remainder when a is divided by t(k)?
1
Let w(r) = r**2 - 2*r - 46. Suppose -s = g + g + 2, 0 = g + 2*s + 7. What is the remainder when w(-6) is divided by g?
0
Let l = -17 + 29. Let o = 44 + l. Let g = 3 - -16. What is the remainder when o is divided by g?
18
Let l(h) be the second derivative of h**5/20 + h**4/12 - h**3/3 + h**2 + 5*h. What is the remainder when 4/(1 + (-7)/9) is divided by l(2)?
8
Let f be (-1)/1 - -8*3. Let r = 40 - f. Calculate the remainder when 49 is divided by r.
15
Let r = 39 - 25. Calculate the remainder when 27 is divided by r.
13
Let n = 77 + -48. What is the remainder when n is divided by 16?
13
Let m(w) = -24*w - 5. Calculate the remainder when m(-2) is divided by 15.
13
Let z = -2 + 11. Let a(u) = 7 + 2*u + 4 - 3*u. Calculate the remainder when z is divided by a(6).
4
Let q = 31 + -18. Suppose -2*y - 2*w + 11 = -w, -w = -1. Calculate the remainder when q is divided by y.
3
Let h(o) = -o**3 + 4*o**2 + 4*o + 7. Let f be h(5). Suppose 111 = f*t + t. Calculate the remainder when t is divided by 19.
18
Let o(h) = -h**2 + 21*h + 1. Let d(p) = p**2 - 20*p. Let i(l) = 5*d(l) + 4*o(l). Calculate the remainder when 40 is divided by i(17).
19
Suppose -2*s + 108 = 10*s. Let i(y) = y**3 + 2*y**2 + 2*y - 3. Let c be i(2). Calculate the remainder when c - (-3 - -2)/(-1) is divided by s.
7
Let n(t) = t**3 + 7*t**2 + 6*t + 1. Let l(v) = v**3 + 5*v**2 - 4*v + 8. Let w be l(-6). What is the remainder when n(w) is divided by 7?
4
Let c(x) = x**3 + 4*x**2 + 7. Let z be c(-5). Let k = 7 - z. Let j = 13 + -4. What is the remainder when k is divided by j?
7
Suppose 3*r - r - 176 = 0. Calculate the remainder when r is divided by 30.
28
Let w = -6 + 8. Let g = w - -1. What is the remainder when g is divided by 2?
1
Let y = 8 - 5. Suppose -2*t - z = 3*z - 116, 0 = -y*z - 9. Suppose 5*k + 0*q + 2*q = t, 4*k = -3*q + 47. What is the remainder when k is divided by 8?
6
Let j be ((-6)/(-2))/(0 - -1). Calculate the remainder when 23 is divided by (3 + 2 - 0) + j.
7
Suppose 2*t + 36 - 54 = 0. What is the remainder when 42 is divided by t?
6
Let q = 0 + 2. What is the remainder when 6 is divided by q?
0
Calculate the remainder when (4 - 24)*-2*(-2)/(-4) is divided by 11.
9
Let g = -3 - -4. Calculate the remainder when (6/(-10))/((-2)/30) is divided by g/5 + 72/15.
4
Suppose 2*h + 0 = 16. What is the remainder when ((-22)/5)/(2/(-10)) is divided by h?
6
Let q(g) = -2*g - 11. What is the remainder when 4 is divided by q(-7)?
1
Suppose 0 = -15*j - 105 + 300. What is the remainder when 47 is divided by j?
8
Let g be (-3 + 20/6)*6. Suppose j - 2 = g. Calculate the remainder when 11 is divided by j.
3
Let z(i) = i**3 + i**2 - i - 1. Let l be z(-1). Suppose l = 4*s + 5 - 21. What is the remainder when 7 is divided by s?
3
Let b(l) = 5*l + 8. Let i(u) = u**3 + 4*u**2. Calculate the remainder when b(5) is divided by i(-3).
6
Suppose -r - 6*v + 2*v + 33 = 0, -3*r + 114 = -3*v. What is the remainder when r is divided by 20?
17
Suppose s - 10 = 9. Let r = -6 + s. Calculate the remainder when 23 is divided by r.
10
Let a(k) = k**2 + k + 27. Let r = 27 + -13. What is the remainder when a(0) is divided by r?
13
Let o = -19 + 24. Let w be ((-2)/(-1) - 5)/(-1). Suppose 2 = w*t - 7. Calculate the remainder when o is divided by t.
2
Let j(z) = -2*z - 1. Let l be j(-4). Suppose l*x + 12 = 3*y + 2*x, 20 = 5*y + 5*x. What is the remainder when y is divided by 33/(-44) + 30/8?
1
Let k(m) = m**3 + 16*m**2 + 17*m + 5. Let z be k(-15). Let g = 29 + z. Calculate the remainder when 14 is divided by g.
2
Suppose -4*u + 0*u = 5*w - 36, -5*u + 12 = -2*w. Suppose -2*z = -w*z + 34. Suppose -p = -50 + 17. What is the remainder when p is divided by z?
16
Let h(d) = d + 2. Let u(q) = q - 5. Let a be u(5). Suppose 2*g = 4 - a. Calculate the remainder when g is divided by h(0).
0
Let k(s) = -s**2 - 15*s - 11. Calculate the remainder when 99 is divided by k(-12).
24
Suppose -1 + 21 = 3*v + 2*h, 0 = 2*v - 5*h + 12. Let n(g) be the first derivative of g**2 + 2*g - 1. What is the remainder when n(v) is divided by 3?
1
Let r = 160 + -145. Calculate the remainder when r is divided by 5.
0
Let w be 10/5 - (0 - -1). Suppose t - 3*k = w, -3*t + 0*t + k = -19. Let m = 47 - 34. What is the remainder when m is divided by t?
6
Suppose b = i + 1, 2*i - b = -i + 7. Let o = 0 + i. What is the remainder when 9 is divided by o?
1
Let d(b) = -b**2 + 5. Let t be d(0). Let f = 9 - t. What is the remainder when 10 is divided by f?
2
Suppose 0 = 2*y + 2*k - 108 + 32, -3*k = -4*y + 124. What is the remainder when 64 is divided by y?
30
Let l be 1 + 6 + 4 + -2. Let i = 18 - l. Calculate the remainder when 15 is divided by i.
6
Let h(f) = f**2 + 3. Calculate the remainder when 82 is divided by h(5).
26
Suppose -140 = -2*a - 2*l, 6 = -2*l + 2. Let k = 108 - a. Suppose -25 = 5*j, 0*s - 3*s - 3*j + 24 = 0. What is the remainder when k is divided by s?
10
Suppose 0 = -2*x - 3*x + 35. What is the remainder when 27 is divided by x?
6
Suppose 0 = 5*x - x - 160. Let a = 14 + -4. Let t = a - -4. What is the remainder when x is divided by t?
12
Let s(k) = 11*k**2 - 10*k - 27. Let o(v) = -5*v**2 + 5*v + 13. Let q(t) = -9*o(t) - 4*s(t). What is the remainder when q(9) is divided by 15?
12
What is the remainder when (-114)/(-8) + (-1)/4 is divided by 6?
2
Suppose -5*z - 5*o = -190, -3*z + o + 122 = -0*z. Suppose 4*d = -2*y - y + z, -2*d = 2*y - 20. What is the remainder when 39 is divided by d?
9
Calculate the remainder when 135 is divided by ((-138)/24)/(18/(-8) + 2).
20
Suppose 0 = 4*j - 16 - 8. Suppose -3*o - 16 = -4*o. What is the remainder when o is divided by j?
4
Suppose 0*r - r + 4 = 0. Let g(a) = 2*a**2 - 5*a + 3. Calculate th